, what is a853 - -23?
a876
In base 4, what is 23 + -232310003?
-232303320
In base 13, what is 3638 - -264?
389c
In base 12, what is -22402 + 4?
-223ba
In base 12, what is 10 - 14922?
-14912
In base 2, what is -101 - -10101010111000111100?
10101010111000110111
In base 15, what is 36 + -840?
-809
In base 5, what is -3104133424 + 1?
-3104133423
In base 11, what is 1158a + 0?
1158a
In base 7, what is 11424325 - -5?
11424333
In base 4, what is -10 + 212101322?
212101312
In base 2, what is -1100010 + -100001010010?
-100010110100
In base 2, what is -10011 - -10011100011101?
10011100001010
In base 15, what is -3c + -e0ec?
-e139
In base 13, what is c - -19372?
19381
In base 13, what is 4b228 + -5?
4b223
In base 3, what is -1 + 10000022?
10000021
In base 7, what is -10355 - 1334?
-12022
In base 9, what is 2703 + 12?
2715
In base 5, what is -111332 - 11?
-111343
In base 14, what is -3 + 27c58?
27c55
In base 10, what is -28128 + 0?
-28128
In base 13, what is 7 + 1474?
147b
In base 11, what is -3a6a4 + -7?
-3a700
In base 8, what is -46 + 50362?
50314
In base 7, what is 15131 + 24?
15155
In base 7, what is -10242 + 52?
-10160
In base 10, what is -721 - 1784?
-2505
In base 10, what is 11113 + -4?
11109
In base 16, what is 0 + 1b93?
1b93
In base 9, what is 23 - -1731?
1754
In base 16, what is -2a32 - -4?
-2a2e
In base 14, what is -2d6b6 - 5?
-2d6bb
In base 9, what is -1245 - -140?
-1105
In base 8, what is 52 - 6110?
-6036
In base 9, what is 1 + -313274?
-313273
In base 9, what is -34573 - 13?
-34586
In base 3, what is -122001 - 2112110?
-10011111
In base 8, what is -3 - 701202?
-701205
In base 12, what is 5990 - 7?
5985
In base 6, what is -4133 + -203?
-4340
In base 7, what is 3 - 263120?
-263114
In base 7, what is -14 - 65164?
-65211
In base 13, what is -1c - -2a0b6?
2a097
In base 3, what is -12 + -22102201?
-22102220
In base 11, what is 1 - -3906a?
39070
In base 4, what is -10203102021 + -3?
-10203102030
In base 7, what is -203 - -15102?
14566
In base 7, what is 10666535 + 4?
10666542
In base 5, what is 30132214 - -1?
30132220
In base 7, what is -2305 + -3501?
-6106
In base 10, what is 644295 + 3?
644298
In base 12, what is 10b5 - 37?
107a
In base 10, what is 19177 - 6?
19171
In base 9, what is 131 + 1522?
1653
In base 16, what is -8a9 + 42?
-867
In base 13, what is -229 + -11?
-23a
In base 3, what is -10122 - -120021?
102122
In base 5, what is -30 + -140023?
-140103
In base 2, what is 101 - -111011010?
111011111
In base 10, what is 4 - 11330?
-11326
In base 8, what is 624155 + 2?
624157
In base 6, what is -3543 - -120?
-3423
In base 10, what is 5 + -35240?
-35235
In base 6, what is 131444 - -4?
131452
In base 2, what is 1011000111000001 + -110111?
1011000110001010
In base 15, what is 1869a - -3?
1869d
In base 11, what is 157a3 + 9?
15801
In base 10, what is -1803633 - 5?
-1803638
In base 13, what is 1b31b - -2?
1b320
In base 2, what is 0 - -100000101010001?
100000101010001
In base 3, what is -1211 + -211002?
-212220
In base 16, what is -29 - -4a5?
47c
In base 13, what is 5 + -c0120?
-c0118
In base 7, what is 2 - 5104?
-5102
In base 7, what is 33 + -60516?
-60453
In base 5, what is -4 + 240042?
240033
In base 3, what is -12 + -102021202?
-102021221
In base 16, what is 27 + 1bf?
1e6
In base 10, what is -161 - -100?
-61
In base 7, what is 2642 + -430?
2212
In base 2, what is 1100000100101111 + 11?
1100000100110010
In base 7, what is 2 - -55565?
55600
In base 16, what is 21 - c6?
-a5
In base 10, what is -141 + -1898?
-2039
In base 16, what is 5e6 - e4?
502
In base 16, what is -13f22 - 4?
-13f26
In base 5, what is -14221044 + 3?
-14221041
In base 11, what is 13 + 3036?
3049
In base 7, what is 2 - 142045?
-142043
In base 15, what is -2 + 2dd95?
2dd93
In base 8, what is -26424420 + -5?
-26424425
In base 11, what is 7419 + -7?
7412
In base 4, what is -10 + 1201103?
1201033
In base 12, what is -1b2740 - 4?
-1b2744
In base 10, what is 2613 + -58?
2555
In base 7, what is 6 + -426630?
-426621
In base 16, what is 0 + 36df?
36df
In base 4, what is 230131312 - -1?
230131313
In base 2, what is -1000010100011011110110 - 1?
-1000010100011011110111
In base 13, what is -4 + 66?
62
In base 15, what is -1d2 - 1eb?
-3cd
In base 5, what is 1001431 - -24?
1002010
In base 8, what is -450201 + 33?
-450146
In base 16, what is -1cb - 12?
-1dd
In base 9, what is 4 - 13535?
-13531
In base 10, what is -19 + -39608?
-39627
In base 7, what is -10 - -100656?
100646
In base 14, what is -15 - 9494?
-94a9
In base 13, what is 10c1 - -4?
10c5
In base 8, what is 2 - -3630?
3632
In base 14, what is -391 - 14db?
-188c
In base 6, what is -115 + -50123?
-50242
In base 5, what is 14222 + 31?
14303
In base 7, what is -12005106 + -3?
-12005112
In base 14, what is 3 + -ddc9?
-ddc6
In base 6, what is 0 + -2200313?
-2200313
In base 15, what is 6c662 + -4?
6c65d
In base 7, what is 24645140 + 3?
24645143
In base 12, what is -1 + 104787?
104786
In base 9, what is -27020 - -21?
-26888
In base 16, what is -7942 + -5?
-7947
In base 15, what is 54b377 - 2?
54b375
In base 2, what is 1101 - -11010010111010?
11010011000111
In base 10, what is 888 + 2?
890
In base 14, what is -3 - -122d1?
122cc
In base 3, what is 1011102 + 20101?
1101210
In base 8, what is -221736 - -2?
-221734
In base 6, what is -21 + -132240?
-132301
In base 12, what is -13b4 - -35?
-137b
In base 4, what is -2121123 + -11?
-2121200
In base 14, what is 17 + -296a7?
-29690
In base 6, what is -405132 - -51?
-405041
In base 7, what is -15 + 535?
520
In base 15, what is ac7 + 239?
d11
In base 7, what is 646 - 3132?
-2153
In base 12, what is 24852 + -5?
24849
In base 15, what is 4 - -2bed4?
2bed8
In base 3, what is 11002022111002 + 2?
11002022111011
In base 10, what is 37 + 4363?
4400
In base 16, what is -4238 + 3?
-4235
In base 2, what is 10001001110001 - -10111111?
10001100110000
In base 8, what is 44304 + 14?
44320
In base 14, what is 1d3d + 55?
1d94
In base 12, what is 7b05a6 + -1?
7b05a5
In base 8, what is -17 - 22175?
-22214
In base 14, what is -3 - 3b26?
-3b29
In base 9, what is 2 + -564815?
-564813
In base 15, what is 2 + -6c96?
-6c94
In base 12, what is 36642 + -5?
36639
In base 14, what is -68 + -a07d?
-a107
In base 2, what is 10000001 + 111100101?
1001100110
In base 8, what is 760326 + 0?
760326
In base 16, what is -b - 54a55?
-54a60
In base 12, what is 179 - -158?
315
In base 16, what is -7 - -4a04?
49fd
In base 4, what is 30 + 21020100?
21020130
In base 3, what is -1010122112 - -10022?
-1010112020
In base 9, what is -20 + -6533?
-6553
In base 13, what is 3 + 9008c?
90092
In base 4, what is -23132 - -11233?
-11233
In base 10, what is -5 - 11287?
-11292
In base 10, what is 7026 + -8?
7018
In base 4, what is -133002 - -23?
-132313
In base 3, what is 211212 + 10?
211222
In base 9, what is -142 - 26430?
-26572
In base 9, what is -128 + -78370?
-78508
In base 4, what is 0 + 1112223313?
1112223313
In base 8, what is -1111 + 516?
-373
In base 5, what is 432 - -13241?
14223
In base 3, what is 1 + 1110012210?
1110012211
In base 10, what is 1 - 10552?
-10551
In base 8, what is -6560510 - 3?
-6560513
In base 10, what is -121693 - 4?
-121697
In base 3, what is 1 + -110010212?
-110010211
In base 10, what is 2737 - -17?
2754
In base 10, what is 2 - 10952?
-10950
In base 12, what is 14 + -5a5a5?
-5a591
In base 10, what is -16689 - 16?
-16705
In base 8, what is 44 - -11363?
11427
In base 10, what is -112 + 390?
278
In base 16, what is -4 + 9286b?
92867
In base 4, what is 1 - 230221?
-230220
In base 16, what is -5 + -7c2ba?
-7c2bf
In base 9, what is -1071003 + -1?
-1071004
In base 10, what is -2940 - -188?
-2752
In base 16, what is -4 - c?
-10
In base 14, what is -880c - 13?
-8821
In base 14, what is -16c + 21?
-14b
In base 7, what is 153 - 4623?
-4440
In base 4, what is 3321133030 - -3?
3321133033
In base 2, what is -111 - -11101111100001?
11101111011010
In base 13, what is 7c622 - 4?
7c61b
In base 8, what is 176 - -16357?
16555
In base 13, what is -4a6cc + -6?
-4a705
In base 3, what is 11202002 + -201211?
11000021
In base 8, what is -14 - -4327?
4313
In base 3, what is 122110020 + 10?
122110100
In base 11, what is 21a7 + 766?
2962
In base 2, what is 10101001010 + 1100?
10101010110
In base 2, what is -110101 + 1000011000?
111100011
In base 13, what is -